{"id":7941,"date":"2023-07-23T08:02:59","date_gmt":"2023-07-23T12:02:59","guid":{"rendered":"https:\/\/creei.ca\/workshop-on-microsimulation-and-health\/"},"modified":"2023-07-23T08:04:52","modified_gmt":"2023-07-23T12:04:52","slug":"workshop-on-microsimulation-and-health","status":"publish","type":"page","link":"https:\/\/creei.ca\/en\/workshop-on-microsimulation-and-health\/","title":{"rendered":"Workshop on microsimulation and health"},"content":{"rendered":"<div class=\"fusion-fullwidth fullwidth-box fusion-builder-row-1 nonhundred-percent-fullwidth non-hundred-percent-height-scrolling\" style=\"--awb-border-radius-top-left:0px;--awb-border-radius-top-right:0px;--awb-border-radius-bottom-right:0px;--awb-border-radius-bottom-left:0px;--awb-flex-wrap:wrap;\" ><div class=\"fusion-builder-row fusion-row\"><div class=\"fusion-layout-column fusion_builder_column fusion-builder-column-0 fusion_builder_column_1_1 1_1 fusion-one-full fusion-column-first fusion-column-last\" style=\"--awb-bg-size:cover;\"><div class=\"fusion-column-wrapper fusion-flex-column-wrapper-legacy\"><div class=\"fusion-text fusion-text-1\"><p>On March 26, 2015, the Chair held a workshop on microsimulation and health. The half-day event took place at Universit\u00e9 Laval and brought together the Chair\u2019s team and approximately 50 participants, half of which were from various Quebec government agencies. The session\u2019s objective &#8211; which was to exchange on the participants\u2019 and the Chair\u2019s work on the topic and on the participants\u2019 interest in the latter &#8211; has been largely reached. The program and the 4 presentations are now available (in French only):<\/p>\n<h2><a href=\"https:\/\/creei.ca\/wp-content\/uploads\/2019\/09\/prog_atelier_26_mars_final.pdf\">Program<\/a><\/h2>\n<h2><a href=\"https:\/\/creei.ca\/wp-content\/uploads\/2019\/09\/michaud-compas-26mars.pdf\">Presentation by Pierre-Carl Michaud<\/a><\/h2>\n<h2><a href=\"https:\/\/creei.ca\/wp-content\/uploads\/2019\/09\/cote-couts-26mars.pdf\">Presentation by Aur\u00e9lie C\u00f4t\u00e9-Sergent<\/a><\/h2>\n<h2><a href=\"https:\/\/creei.ca\/wp-content\/uploads\/2019\/09\/laliberte-sld-26mars.pdf\">Presentation by Fran\u00e7ois Lalibert\u00e9-Auger<\/a><\/h2>\n<h2><a href=\"https:\/\/creei.ca\/wp-content\/uploads\/2019\/09\/duclos-regime-26mars.pdf\">Presentation by Jean-Yves Duclos<\/a><\/h2>\n<\/div><div class=\"fusion-clearfix\"><\/div><\/div><\/div><\/div><\/div>\n","protected":false},"excerpt":{"rendered":"","protected":false},"author":1,"featured_media":0,"parent":0,"menu_order":0,"comment_status":"open","ping_status":"open","template":"","meta":{"footnotes":""},"class_list":["post-7941","page","type-page","status-publish","hentry"],"_links":{"self":[{"href":"https:\/\/creei.ca\/en\/wp-json\/wp\/v2\/pages\/7941","targetHints":{"allow":["GET"]}}],"collection":[{"href":"https:\/\/creei.ca\/en\/wp-json\/wp\/v2\/pages"}],"about":[{"href":"https:\/\/creei.ca\/en\/wp-json\/wp\/v2\/types\/page"}],"author":[{"embeddable":true,"href":"https:\/\/creei.ca\/en\/wp-json\/wp\/v2\/users\/1"}],"replies":[{"embeddable":true,"href":"https:\/\/creei.ca\/en\/wp-json\/wp\/v2\/comments?post=7941"}],"version-history":[{"count":0,"href":"https:\/\/creei.ca\/en\/wp-json\/wp\/v2\/pages\/7941\/revisions"}],"wp:attachment":[{"href":"https:\/\/creei.ca\/en\/wp-json\/wp\/v2\/media?parent=7941"}],"curies":[{"name":"wp","href":"https:\/\/api.w.org\/{rel}","templated":true}]}}

<div class="fusion-fullwidth fullwidth-box fusion-builder-row-1 nonhundred-percent-fullwidth non-hundred-percent-height-scrolling" style="--awb-border-radius-top-left:0px;--awb-border-radius-top-right:0px;--awb-border-radius-bottom-right:0px;--awb-border-radius-bottom-left:0px;--awb-flex-wrap:wrap;" ><div class="fusion-builder-row fusion-row"><div class="fusion-layout-column fusion_builder_column fusion-builder-column-0 fusion_builder_column_1_1 1_1 fusion-one-full fusion-column-first fusion-column-last" style="--awb-bg-size:cover;"><div class="fusion-column-wrapper fusion-flex-column-wrapper-legacy"><div class="fusion-text fusion-text-1"><p>On March 26, 2015, the Chair held a workshop on microsimulation and health. The half-day event took place at Université Laval and brought together the Chair’s team and approximately 50 participants, half of which were from various Quebec government agencies. The session’s objective &#8211; which was to exchange on the participants’ and the Chair’s work on the topic and on the participants’ interest in the latter &#8211; has been largely reached. The program and the 4 presentations are now available (in French only):</p>
<h2><a href="https://creei.ca/wp-content/uploads/2019/09/prog_atelier_26_mars_final.pdf">Program</a></h2>
<h2><a href="https://creei.ca/wp-content/uploads/2019/09/michaud-compas-26mars.pdf">Presentation by Pierre-Carl Michaud</a></h2>
<h2><a href="https://creei.ca/wp-content/uploads/2019/09/cote-couts-26mars.pdf">Presentation by Aurélie Côté-Sergent</a></h2>
<h2><a href="https://creei.ca/wp-content/uploads/2019/09/laliberte-sld-26mars.pdf">Presentation by François Laliberté-Auger</a></h2>
<h2><a href="https://creei.ca/wp-content/uploads/2019/09/duclos-regime-26mars.pdf">Presentation by Jean-Yves Duclos</a></h2>
</div><div class="fusion-clearfix"></div></div></div></div></div>
